{"id":901,"date":"2025-05-28T16:50:06","date_gmt":"2025-05-28T16:50:06","guid":{"rendered":"https:\/\/neutronfarma.com\/webnueva\/?page_id=901"},"modified":"2025-11-05T16:05:54","modified_gmt":"2025-11-05T16:05:54","slug":"elaboracion-y-fabricacion","status":"publish","type":"page","link":"https:\/\/rednetsystem.com\/neutronfarma\/elaboracion-y-fabricacion\/","title":{"rendered":"Elaboraci\u00f3n y Fabricaci\u00f3n"},"content":{"rendered":"\t\t<div data-elementor-type=\"wp-page\" data-elementor-id=\"901\" class=\"elementor elementor-901\">\n\t\t\t\t<div class=\"elementor-element elementor-element-a99d9fd e-flex e-con-boxed e-con e-parent\" data-id=\"a99d9fd\" data-element_type=\"container\" data-e-type=\"container\">\n\t\t\t\t\t<div class=\"e-con-inner\">\n\t\t\t\t<div class=\"elementor-element elementor-element-0be2fa9 elementor-widget elementor-widget-text-editor\" data-id=\"0be2fa9\" data-element_type=\"widget\" data-e-type=\"widget\" data-widget_type=\"text-editor.default\">\n\t\t\t\t<div class=\"elementor-widget-container\">\n\t\t\t\t\t\t\t\t\t<section><h2>Elaboraci\u00f3n y Fabricaci\u00f3n<\/h2><p>En nuestro laboratorio, elaboramos medicamentos farmac\u00e9uticos de dos l\u00edneas principales dentro de la <strong>LINEA ENERG\u00c9TICA<\/strong>, con <strong>f\u00f3rmulas intracelulares<\/strong> que atacan directamente las dolencias cr\u00f3nicas.<\/p><p>Entre nuestras principales marcas se encuentran:<\/p><ul><li><strong>YASUT<\/strong><\/li><li><strong>ARETINA<\/strong><\/li><li><strong>SIQUIL<\/strong><\/li><li><strong>GREDEL<\/strong><\/li><li>Entre otras f\u00f3rmulas intracelulares exclusivas<\/li><\/ul><div class=\"product\"><h3>Fusi\u00f3n de Energ\u00edas y Potencial Terap\u00e9utico<\/h3><p>Las energ\u00edas virales contenidas en la f\u00f3rmula <strong>GREDEL<\/strong> han sido fusionadas con nuestras marcas nutrac\u00e9uticas <strong>BAISSER<\/strong> y <strong>KRISCHMAN<\/strong>, permitiendo que estos productos act\u00faen como medicamentos naturales para el fortalecimiento del sistema inmunol\u00f3gico.<\/p><p>Esta combinaci\u00f3n potencia la producci\u00f3n de linfocitos y anticuerpos, ayudando a <strong>fagocitar<\/strong> (destruir y eliminar) virus como el <strong>COVID-19 (Coronavirus)<\/strong>, favoreciendo as\u00ed la recuperaci\u00f3n del organismo de forma completamente <strong>natural<\/strong>.<\/p><\/div><\/section>\t\t\t\t\t\t\t\t<\/div>\n\t\t\t\t<\/div>\n\t\t\t\t\t<\/div>\n\t\t\t\t<\/div>\n\t\t<div class=\"elementor-element elementor-element-fc2eed2 e-flex e-con-boxed e-con e-parent\" data-id=\"fc2eed2\" data-element_type=\"container\" data-e-type=\"container\">\n\t\t\t\t\t<div class=\"e-con-inner\">\n\t\t<div class=\"elementor-element elementor-element-787ab20 e-con-full e-flex e-con e-child\" data-id=\"787ab20\" data-element_type=\"container\" data-e-type=\"container\">\n\t\t\t\t<div class=\"elementor-element elementor-element-4c3f5a4 elementor-widget elementor-widget-image\" data-id=\"4c3f5a4\" data-element_type=\"widget\" data-e-type=\"widget\" data-widget_type=\"image.default\">\n\t\t\t\t<div class=\"elementor-widget-container\">\n\t\t\t\t\t\t\t\t\t\t\t\t\t\t\t\t<a href=\"https:\/\/rednetsystem.com\/neutronfarma\/wp-content\/uploads\/2025\/11\/neutronfarma-famesa1.jpg\" data-elementor-open-lightbox=\"yes\" data-elementor-lightbox-title=\"neutronfarma famesa1\" data-e-action-hash=\"#elementor-action%3Aaction%3Dlightbox%26settings%3DeyJpZCI6MTQyMiwidXJsIjoiaHR0cHM6XC9cL3JlZG5ldHN5c3RlbS5jb21cL25ldXRyb25mYXJtYVwvd3AtY29udGVudFwvdXBsb2Fkc1wvMjAyNVwvMTFcL25ldXRyb25mYXJtYS1mYW1lc2ExLmpwZyJ9\">\n\t\t\t\t\t\t\t<img fetchpriority=\"high\" decoding=\"async\" width=\"1024\" height=\"768\" src=\"https:\/\/rednetsystem.com\/neutronfarma\/wp-content\/uploads\/2025\/11\/neutronfarma-famesa1.jpg\" class=\"attachment-large size-large wp-image-1422\" alt=\"\" \/>\t\t\t\t\t\t\t\t<\/a>\n\t\t\t\t\t\t\t\t\t\t\t\t\t\t\t<\/div>\n\t\t\t\t<\/div>\n\t\t\t\t<\/div>\n\t\t<div class=\"elementor-element elementor-element-68ce56c e-con-full e-flex e-con e-child\" data-id=\"68ce56c\" data-element_type=\"container\" data-e-type=\"container\">\n\t\t\t\t<div class=\"elementor-element elementor-element-e8f5049 elementor-widget elementor-widget-image\" data-id=\"e8f5049\" data-element_type=\"widget\" data-e-type=\"widget\" data-widget_type=\"image.default\">\n\t\t\t\t<div class=\"elementor-widget-container\">\n\t\t\t\t\t\t\t\t\t\t\t\t\t\t\t\t<a href=\"https:\/\/rednetsystem.com\/neutronfarma\/wp-content\/uploads\/2025\/11\/neutronfarma-famesa2.jpg\" data-elementor-open-lightbox=\"yes\" data-elementor-lightbox-title=\"neutronfarma famesa2\" data-e-action-hash=\"#elementor-action%3Aaction%3Dlightbox%26settings%3DeyJpZCI6MTQyMywidXJsIjoiaHR0cHM6XC9cL3JlZG5ldHN5c3RlbS5jb21cL25ldXRyb25mYXJtYVwvd3AtY29udGVudFwvdXBsb2Fkc1wvMjAyNVwvMTFcL25ldXRyb25mYXJtYS1mYW1lc2EyLmpwZyJ9\">\n\t\t\t\t\t\t\t<img decoding=\"async\" width=\"1024\" height=\"768\" src=\"https:\/\/rednetsystem.com\/neutronfarma\/wp-content\/uploads\/2025\/11\/neutronfarma-famesa2.jpg\" class=\"attachment-large size-large wp-image-1423\" alt=\"\" \/>\t\t\t\t\t\t\t\t<\/a>\n\t\t\t\t\t\t\t\t\t\t\t\t\t\t\t<\/div>\n\t\t\t\t<\/div>\n\t\t\t\t<\/div>\n\t\t\t\t\t<\/div>\n\t\t\t\t<\/div>\n\t\t<div class=\"elementor-element elementor-element-20c9cba e-flex e-con-boxed e-con e-parent\" data-id=\"20c9cba\" data-element_type=\"container\" data-e-type=\"container\">\n\t\t\t\t\t<div class=\"e-con-inner\">\n\t\t<div class=\"elementor-element elementor-element-3acae24 e-con-full e-flex e-con e-child\" data-id=\"3acae24\" data-element_type=\"container\" data-e-type=\"container\">\n\t\t\t\t<div class=\"elementor-element elementor-element-f250f3d elementor-widget elementor-widget-image\" data-id=\"f250f3d\" data-element_type=\"widget\" data-e-type=\"widget\" data-widget_type=\"image.default\">\n\t\t\t\t<div class=\"elementor-widget-container\">\n\t\t\t\t\t\t\t\t\t\t\t\t\t\t\t\t<a href=\"https:\/\/rednetsystem.com\/neutronfarma\/wp-content\/uploads\/2025\/11\/neutronfarma-famesa4.jpg\" data-elementor-open-lightbox=\"yes\" data-elementor-lightbox-title=\"neutronfarma famesa4\" data-e-action-hash=\"#elementor-action%3Aaction%3Dlightbox%26settings%3DeyJpZCI6MTQyNSwidXJsIjoiaHR0cHM6XC9cL3JlZG5ldHN5c3RlbS5jb21cL25ldXRyb25mYXJtYVwvd3AtY29udGVudFwvdXBsb2Fkc1wvMjAyNVwvMTFcL25ldXRyb25mYXJtYS1mYW1lc2E0LmpwZyJ9\">\n\t\t\t\t\t\t\t<img decoding=\"async\" width=\"1024\" height=\"768\" src=\"https:\/\/rednetsystem.com\/neutronfarma\/wp-content\/uploads\/2025\/11\/neutronfarma-famesa4.jpg\" class=\"attachment-large size-large wp-image-1425\" alt=\"\" \/>\t\t\t\t\t\t\t\t<\/a>\n\t\t\t\t\t\t\t\t\t\t\t\t\t\t\t<\/div>\n\t\t\t\t<\/div>\n\t\t\t\t<\/div>\n\t\t<div class=\"elementor-element elementor-element-1b2c7da e-con-full e-flex e-con e-child\" data-id=\"1b2c7da\" data-element_type=\"container\" data-e-type=\"container\">\n\t\t\t\t<div class=\"elementor-element elementor-element-005299d elementor-widget elementor-widget-image\" data-id=\"005299d\" data-element_type=\"widget\" data-e-type=\"widget\" data-widget_type=\"image.default\">\n\t\t\t\t<div class=\"elementor-widget-container\">\n\t\t\t\t\t\t\t\t\t\t\t\t\t\t\t\t<a href=\"https:\/\/rednetsystem.com\/neutronfarma\/wp-content\/uploads\/2025\/11\/neutronfarma-famesa5.jpg\" data-elementor-open-lightbox=\"yes\" data-elementor-lightbox-title=\"neutronfarma famesa5\" data-e-action-hash=\"#elementor-action%3Aaction%3Dlightbox%26settings%3DeyJpZCI6MTQyNiwidXJsIjoiaHR0cHM6XC9cL3JlZG5ldHN5c3RlbS5jb21cL25ldXRyb25mYXJtYVwvd3AtY29udGVudFwvdXBsb2Fkc1wvMjAyNVwvMTFcL25ldXRyb25mYXJtYS1mYW1lc2E1LmpwZyJ9\">\n\t\t\t\t\t\t\t<img loading=\"lazy\" decoding=\"async\" width=\"1024\" height=\"768\" src=\"https:\/\/rednetsystem.com\/neutronfarma\/wp-content\/uploads\/2025\/11\/neutronfarma-famesa5.jpg\" class=\"attachment-large size-large wp-image-1426\" alt=\"\" \/>\t\t\t\t\t\t\t\t<\/a>\n\t\t\t\t\t\t\t\t\t\t\t\t\t\t\t<\/div>\n\t\t\t\t<\/div>\n\t\t\t\t<\/div>\n\t\t\t\t\t<\/div>\n\t\t\t\t<\/div>\n\t\t<div class=\"elementor-element elementor-element-73e617e e-flex e-con-boxed e-con e-parent\" data-id=\"73e617e\" data-element_type=\"container\" data-e-type=\"container\">\n\t\t\t\t\t<div class=\"e-con-inner\">\n\t\t<div class=\"elementor-element elementor-element-2d33d2a e-con-full e-flex e-con e-child\" data-id=\"2d33d2a\" data-element_type=\"container\" data-e-type=\"container\">\n\t\t\t\t<div class=\"elementor-element elementor-element-6566da7 elementor-widget elementor-widget-image\" data-id=\"6566da7\" data-element_type=\"widget\" data-e-type=\"widget\" data-widget_type=\"image.default\">\n\t\t\t\t<div class=\"elementor-widget-container\">\n\t\t\t\t\t\t\t\t\t\t\t\t\t\t\t\t<a href=\"https:\/\/rednetsystem.com\/neutronfarma\/wp-content\/uploads\/2025\/11\/neutronfarma-famesa6.jpg\" data-elementor-open-lightbox=\"yes\" data-elementor-lightbox-title=\"neutronfarma famesa6\" data-e-action-hash=\"#elementor-action%3Aaction%3Dlightbox%26settings%3DeyJpZCI6MTQyNywidXJsIjoiaHR0cHM6XC9cL3JlZG5ldHN5c3RlbS5jb21cL25ldXRyb25mYXJtYVwvd3AtY29udGVudFwvdXBsb2Fkc1wvMjAyNVwvMTFcL25ldXRyb25mYXJtYS1mYW1lc2E2LmpwZyJ9\">\n\t\t\t\t\t\t\t<img loading=\"lazy\" decoding=\"async\" width=\"1024\" height=\"768\" src=\"https:\/\/rednetsystem.com\/neutronfarma\/wp-content\/uploads\/2025\/11\/neutronfarma-famesa6.jpg\" class=\"attachment-large size-large wp-image-1427\" alt=\"\" \/>\t\t\t\t\t\t\t\t<\/a>\n\t\t\t\t\t\t\t\t\t\t\t\t\t\t\t<\/div>\n\t\t\t\t<\/div>\n\t\t\t\t<\/div>\n\t\t<div class=\"elementor-element elementor-element-ddf6d12 e-con-full e-flex e-con e-child\" data-id=\"ddf6d12\" data-element_type=\"container\" data-e-type=\"container\">\n\t\t\t\t<div class=\"elementor-element elementor-element-9949c84 elementor-widget elementor-widget-image\" data-id=\"9949c84\" data-element_type=\"widget\" data-e-type=\"widget\" data-widget_type=\"image.default\">\n\t\t\t\t<div class=\"elementor-widget-container\">\n\t\t\t\t\t\t\t\t\t\t\t\t\t\t\t\t<a href=\"https:\/\/rednetsystem.com\/neutronfarma\/wp-content\/uploads\/2025\/11\/neutronfarma-famesa8.jpg\" data-elementor-open-lightbox=\"yes\" data-elementor-lightbox-title=\"neutronfarma famesa8\" data-e-action-hash=\"#elementor-action%3Aaction%3Dlightbox%26settings%3DeyJpZCI6MTQyOSwidXJsIjoiaHR0cHM6XC9cL3JlZG5ldHN5c3RlbS5jb21cL25ldXRyb25mYXJtYVwvd3AtY29udGVudFwvdXBsb2Fkc1wvMjAyNVwvMTFcL25ldXRyb25mYXJtYS1mYW1lc2E4LmpwZyJ9\">\n\t\t\t\t\t\t\t<img loading=\"lazy\" decoding=\"async\" width=\"1024\" height=\"768\" src=\"https:\/\/rednetsystem.com\/neutronfarma\/wp-content\/uploads\/2025\/11\/neutronfarma-famesa8.jpg\" class=\"attachment-large size-large wp-image-1429\" alt=\"\" \/>\t\t\t\t\t\t\t\t<\/a>\n\t\t\t\t\t\t\t\t\t\t\t\t\t\t\t<\/div>\n\t\t\t\t<\/div>\n\t\t\t\t<\/div>\n\t\t\t\t\t<\/div>\n\t\t\t\t<\/div>\n\t\t<div class=\"elementor-element elementor-element-57b8db1 e-flex e-con-boxed e-con e-parent\" data-id=\"57b8db1\" data-element_type=\"container\" data-e-type=\"container\">\n\t\t\t\t\t<div class=\"e-con-inner\">\n\t\t<div class=\"elementor-element elementor-element-0563e33 e-con-full e-flex e-con e-child\" data-id=\"0563e33\" data-element_type=\"container\" data-e-type=\"container\">\n\t\t\t\t<div class=\"elementor-element elementor-element-8e127db elementor-widget elementor-widget-image\" data-id=\"8e127db\" data-element_type=\"widget\" data-e-type=\"widget\" data-widget_type=\"image.default\">\n\t\t\t\t<div class=\"elementor-widget-container\">\n\t\t\t\t\t\t\t\t\t\t\t\t\t\t\t\t<a href=\"https:\/\/rednetsystem.com\/neutronfarma\/wp-content\/uploads\/2025\/11\/neutronfarma-famesa9.jpg\" data-elementor-open-lightbox=\"yes\" data-elementor-lightbox-title=\"neutronfarma famesa9\" data-e-action-hash=\"#elementor-action%3Aaction%3Dlightbox%26settings%3DeyJpZCI6MTQzMCwidXJsIjoiaHR0cHM6XC9cL3JlZG5ldHN5c3RlbS5jb21cL25ldXRyb25mYXJtYVwvd3AtY29udGVudFwvdXBsb2Fkc1wvMjAyNVwvMTFcL25ldXRyb25mYXJtYS1mYW1lc2E5LmpwZyJ9\">\n\t\t\t\t\t\t\t<img loading=\"lazy\" decoding=\"async\" width=\"1024\" height=\"768\" src=\"https:\/\/rednetsystem.com\/neutronfarma\/wp-content\/uploads\/2025\/11\/neutronfarma-famesa9.jpg\" class=\"attachment-large size-large wp-image-1430\" alt=\"\" \/>\t\t\t\t\t\t\t\t<\/a>\n\t\t\t\t\t\t\t\t\t\t\t\t\t\t\t<\/div>\n\t\t\t\t<\/div>\n\t\t\t\t<\/div>\n\t\t<div class=\"elementor-element elementor-element-8d06ac0 e-con-full e-flex e-con e-child\" data-id=\"8d06ac0\" data-element_type=\"container\" data-e-type=\"container\">\n\t\t\t\t<div class=\"elementor-element elementor-element-b061596 elementor-widget elementor-widget-image\" data-id=\"b061596\" data-element_type=\"widget\" data-e-type=\"widget\" data-widget_type=\"image.default\">\n\t\t\t\t<div class=\"elementor-widget-container\">\n\t\t\t\t\t\t\t\t\t\t\t\t\t\t\t\t<a href=\"https:\/\/rednetsystem.com\/neutronfarma\/wp-content\/uploads\/2025\/11\/neutronfarma-famesa10.jpg\" data-elementor-open-lightbox=\"yes\" data-elementor-lightbox-title=\"neutronfarma famesa10\" data-e-action-hash=\"#elementor-action%3Aaction%3Dlightbox%26settings%3DeyJpZCI6MTQzMSwidXJsIjoiaHR0cHM6XC9cL3JlZG5ldHN5c3RlbS5jb21cL25ldXRyb25mYXJtYVwvd3AtY29udGVudFwvdXBsb2Fkc1wvMjAyNVwvMTFcL25ldXRyb25mYXJtYS1mYW1lc2ExMC5qcGcifQ%3D%3D\">\n\t\t\t\t\t\t\t<img loading=\"lazy\" decoding=\"async\" width=\"933\" height=\"700\" src=\"https:\/\/rednetsystem.com\/neutronfarma\/wp-content\/uploads\/2025\/11\/neutronfarma-famesa10.jpg\" class=\"attachment-large size-large wp-image-1431\" alt=\"\" \/>\t\t\t\t\t\t\t\t<\/a>\n\t\t\t\t\t\t\t\t\t\t\t\t\t\t\t<\/div>\n\t\t\t\t<\/div>\n\t\t\t\t<\/div>\n\t\t\t\t\t<\/div>\n\t\t\t\t<\/div>\n\t\t\t\t<\/div>\n\t\t","protected":false},"excerpt":{"rendered":"<p>Elaboraci\u00f3n y Fabricaci\u00f3n En nuestro laboratorio, elaboramos medicamentos farmac\u00e9uticos de dos l\u00edneas principales dentro de la LINEA ENERG\u00c9TICA, con f\u00f3rmulas intracelulares que atacan directamente las dolencias cr\u00f3nicas. Entre nuestras principales marcas se encuentran: YASUT ARETINA SIQUIL GREDEL Entre otras f\u00f3rmulas intracelulares exclusivas Fusi\u00f3n de Energ\u00edas y Potencial Terap\u00e9utico Las energ\u00edas virales contenidas en la f\u00f3rmula [&hellip;]<\/p>\n","protected":false},"author":1,"featured_media":822,"parent":0,"menu_order":0,"comment_status":"closed","ping_status":"closed","template":"","meta":{"footnotes":""},"class_list":["post-901","page","type-page","status-publish","has-post-thumbnail","hentry"],"blocksy_meta":{"page_title_panel":"","has_hero_section":"disabled","0df2dca53447789c9966a9ee2482ae8e":"","hero_section":"type-2","hero_elements":[{"id":"custom_title","enabled":true,"heading_tag":"h1","title":"Home"},{"id":"custom_description","enabled":true,"description_visibility":{"desktop":true,"tablet":true,"mobile":false}},{"id":"custom_meta","enabled":false,"meta_elements":[{"id":"author","enabled":true,"label":"By","has_author_avatar":"yes","avatar_size":25},{"id":"post_date","enabled":true,"label":"On","date_format_source":"default","date_format":"M j, Y"},{"id":"comments","enabled":true}],"page_meta_elements":{"joined":true,"articles_count":true,"comments":true}},{"id":"breadcrumbs","enabled":false}],"9a068402903147dab0312ed721d813d1":"","hero_alignment1":"left","hero_alignment2":"center","hero_vertical_alignment":"center","878df3921d36f5f7834a2f50f2d62119":"","hero_structure":"narrow","c672b96ecc952ad64c8c2d7fdf1a61dc":"","page_title_bg_type":"featured_image","custom_hero_background":{"attachment_id":null},"parallax":{"desktop":false,"tablet":false,"mobile":false},"cc7bcd5456d7cac909e888486d83b616":"","hero_height":"0px","pageTitleFont":{"family":"Default","variation":"Default","size":{"desktop":"32px","tablet":"30px","mobile":"25px"},"line-height":"CT_CSS_SKIP_RULE","letter-spacing":"CT_CSS_SKIP_RULE","text-transform":"uppercase","text-decoration":"CT_CSS_SKIP_RULE"},"pageTitleFontColor":{"default":{"color":"var(--theme-palette-color-4)"}},"pageMetaFont":{"family":"Default","variation":"n6","size":"12px","line-height":"1.3","letter-spacing":"CT_CSS_SKIP_RULE","text-transform":"uppercase","text-decoration":"CT_CSS_SKIP_RULE"},"pageMetaFontColor":{"default":{"color":"CT_CSS_SKIP_RULEDEFAULT"},"hover":{"color":"CT_CSS_SKIP_RULEDEFAULT"}},"pageExcerptFont":{"family":"Default","variation":"Default","size":"CT_CSS_SKIP_RULE","line-height":"CT_CSS_SKIP_RULE","letter-spacing":"CT_CSS_SKIP_RULE","text-transform":"CT_CSS_SKIP_RULE","text-decoration":"CT_CSS_SKIP_RULE"},"pageExcerptColor":{"default":{"color":"CT_CSS_SKIP_RULEDEFAULT"}},"breadcrumbsFont":{"family":"Default","variation":"n6","size":"12px","line-height":"CT_CSS_SKIP_RULE","letter-spacing":"CT_CSS_SKIP_RULE","text-transform":"uppercase","text-decoration":"CT_CSS_SKIP_RULE"},"breadcrumbsFontColor":{"default":{"color":"CT_CSS_SKIP_RULEDEFAULT"},"initial":{"color":"CT_CSS_SKIP_RULEDEFAULT"},"hover":{"color":"CT_CSS_SKIP_RULEDEFAULT"}},"pageTitleOverlay":{"background_type":"color","background_pattern":"type-1","background_image":{"attachment_id":null,"x":0,"y":0},"background_repeat":"no-repeat","background_size":"auto","background_attachment":"scroll","patternColor":{"default":{"color":"#e5e7ea"}},"backgroundColor":{"default":{"color":"rgba(42, 52, 61, 0)"}}},"pageTitleBackground":{"background_type":"color","background_pattern":"type-1","background_image":{"attachment_id":null,"x":0,"y":0},"background_repeat":"no-repeat","background_size":"auto","background_attachment":"scroll","patternColor":{"default":{"color":"#e5e7ea"}},"backgroundColor":{"default":{"color":"#EDEFF2"}}},"5384544efa2613b7222fa667fe0c3bd5":"","page_structure_type":"default","content_style":"inherit","vertical_spacing_source":"inherit","content_area_spacing":"none","background":{"background_type":"color","background_pattern":"type-1","background_image":{"attachment_id":null,"x":0,"y":0},"background_repeat":"no-repeat","background_size":"auto","background_attachment":"scroll","patternColor":{"default":{"color":"#e5e7ea"}},"backgroundColor":{"default":{"color":"CT_CSS_SKIP_RULE"}}},"content_background":{"background_type":"color","background_pattern":"type-1","background_image":{"attachment_id":null,"x":0,"y":0},"background_repeat":"no-repeat","background_size":"auto","background_attachment":"scroll","patternColor":{"default":{"color":"#e5e7ea"}},"backgroundColor":{"default":{"color":"#ffffff"}}},"content_boxed_spacing":{"desktop":"40px","tablet":"35px","mobile":"20px"},"content_boxed_radius":{"top":"3px","bottom":"3px","left":"3px","right":"3px","linked":true},"content_boxed_shadow":{"blur":18,"spread":-6,"v_offset":12,"h_offset":0,"inset":false,"enable":true,"color":{"color":"rgba(34, 56, 101, 0.04)"}},"7b360c47770bb2bc7820037d1b7ccdae":"","disable_featured_image":"no","disable_header":"no","disable_footer":"no","styles_descriptor":{"styles":{"desktop":"","tablet":"","mobile":""},"google_fonts":[],"version":6}},"_links":{"self":[{"href":"https:\/\/rednetsystem.com\/neutronfarma\/wp-json\/wp\/v2\/pages\/901","targetHints":{"allow":["GET"]}}],"collection":[{"href":"https:\/\/rednetsystem.com\/neutronfarma\/wp-json\/wp\/v2\/pages"}],"about":[{"href":"https:\/\/rednetsystem.com\/neutronfarma\/wp-json\/wp\/v2\/types\/page"}],"author":[{"embeddable":true,"href":"https:\/\/rednetsystem.com\/neutronfarma\/wp-json\/wp\/v2\/users\/1"}],"replies":[{"embeddable":true,"href":"https:\/\/rednetsystem.com\/neutronfarma\/wp-json\/wp\/v2\/comments?post=901"}],"version-history":[{"count":10,"href":"https:\/\/rednetsystem.com\/neutronfarma\/wp-json\/wp\/v2\/pages\/901\/revisions"}],"predecessor-version":[{"id":1434,"href":"https:\/\/rednetsystem.com\/neutronfarma\/wp-json\/wp\/v2\/pages\/901\/revisions\/1434"}],"wp:featuredmedia":[{"embeddable":true,"href":"https:\/\/rednetsystem.com\/neutronfarma\/wp-json\/wp\/v2\/media\/822"}],"wp:attachment":[{"href":"https:\/\/rednetsystem.com\/neutronfarma\/wp-json\/wp\/v2\/media?parent=901"}],"curies":[{"name":"wp","href":"https:\/\/api.w.org\/{rel}","templated":true}]}}