{"id":1202,"date":"2025-09-20T13:38:28","date_gmt":"2025-09-20T13:38:28","guid":{"rendered":"https:\/\/rednetsystem.com\/neutronfarma\/?page_id=1202"},"modified":"2025-10-30T15:52:11","modified_gmt":"2025-10-30T15:52:11","slug":"convenios","status":"publish","type":"page","link":"https:\/\/rednetsystem.com\/neutronfarma\/convenios\/","title":{"rendered":"Convenios"},"content":{"rendered":"\t\t<div data-elementor-type=\"wp-page\" data-elementor-id=\"1202\" class=\"elementor elementor-1202\">\n\t\t\t\t<div class=\"elementor-element elementor-element-c77c57e e-flex e-con-boxed e-con e-parent\" data-id=\"c77c57e\" data-element_type=\"container\" data-e-type=\"container\">\n\t\t\t\t\t<div class=\"e-con-inner\">\n\t\t\t\t<div class=\"elementor-element elementor-element-9382522 elementor-widget elementor-widget-heading\" data-id=\"9382522\" data-element_type=\"widget\" data-e-type=\"widget\" data-widget_type=\"heading.default\">\n\t\t\t\t<div class=\"elementor-widget-container\">\n\t\t\t\t\t<h1 class=\"elementor-heading-title elementor-size-default\">Convenios<\/h1>\t\t\t\t<\/div>\n\t\t\t\t<\/div>\n\t\t\t\t<div class=\"elementor-element elementor-element-8a3586a elementor-widget elementor-widget-text-editor\" data-id=\"8a3586a\" data-element_type=\"widget\" data-e-type=\"widget\" data-widget_type=\"text-editor.default\">\n\t\t\t\t<div class=\"elementor-widget-container\">\n\t\t\t\t\t\t\t\t\t<div class=\"cellmedic-convenios-wrapper\">\n<div class=\"cellmedic-convenios-grid\"><article class=\"cellmedic-convenio-card cellmedic-card-ong\">\n<div class=\"cellmedic-image-container\"><img decoding=\"async\" src=\"https:\/\/neutronfarma.com\/images\/convenio1.jpg\" alt=\"Convenio ONG Solidaria\" \/><\/div>\n<div class=\"cellmedic-card-content\">\n<h2 class=\"cellmedic-card-title\">Convenio con la ONG Solidaria<\/h2>\n<span class=\"cellmedic-card-partida\">Partida: 15918797<\/span>\n<p class=\"cellmedic-card-objetivo\"><strong>OBJETIVO:<\/strong> Promover nuestras f\u00f3rmulas magistrales homeop\u00e1ticas intracelulares inventadas por el Doctor Demetrio Cabrera Rom\u00e1n.<\/p>\n\n<div class=\"cellmedic-products-list\"><span class=\"cellmedic-product-tag\">Deployer<\/span> <span class=\"cellmedic-product-tag\">Yasut<\/span> <span class=\"cellmedic-product-tag\">Krischman<\/span> <span class=\"cellmedic-product-tag\">Baysser<\/span><\/div>\n<p class=\"cellmedic-card-description\">11 marcas magistrales homeop\u00e1ticas intracelulares, nutrac\u00e9uticos con registro sanitario.<\/p>\n\n<div class=\"cellmedic-links-container\"><a class=\"cellmedic-link\" href=\"https:\/\/www.facebook.com\/cell.medic.92\/\" target=\"_blank\" rel=\"noopener\"> Facebook <\/a> <a class=\"cellmedic-link\" href=\"https:\/\/interglos.pe\/\" target=\"_blank\" rel=\"noopener\"> Sitio Web <\/a><\/div>\n<\/div>\n<\/article>\n\n<article class=\"cellmedic-convenio-card cellmedic-card-distribuidor\">\n<div class=\"cellmedic-image-container\"><img decoding=\"async\" src=\"https:\/\/neutronfarma.com\/images\/convenio2.jpg\" alt=\"Distribuidora CellMedic\" \/><\/div>\n<div class=\"cellmedic-card-content\">\n<h2 class=\"cellmedic-card-title\">Convenio con la Distribuidora CellMedic S.A.C.<\/h2>\n<span class=\"cellmedic-card-ruc\">RUC: 20604226270<\/span>\n<p class=\"cellmedic-card-description\">Distribuci\u00f3n nacional e internacional para ventas por mayor y menor de nutrac\u00e9uticos y 68 f\u00f3rmulas magistrales homeop\u00e1ticas intracelulares en 11 marcas registradas del inventor peruano Doctor Demetrio Cabrera Rom\u00e1n.<\/p>\n\n<div class=\"cellmedic-products-list\"><span class=\"cellmedic-product-tag\">Deployer<\/span> <span class=\"cellmedic-product-tag\">Yasut<\/span> <span class=\"cellmedic-product-tag\">Krisman<\/span> <span class=\"cellmedic-product-tag\">Baysser<\/span><\/div>\n<p class=\"cellmedic-card-description\">Venta seg\u00fan receta m\u00e9dica por m\u00e9dicos cirujanos colegiados en Per\u00fa con especialidad en Homeopat\u00eda en el extranjero.<\/p>\n\n<div class=\"cellmedic-links-container\"><a class=\"cellmedic-link\" href=\"https:\/\/www.facebook.com\/cell.medic.92\/\" target=\"_blank\" rel=\"noopener\"> Facebook <\/a> <a class=\"cellmedic-link\" href=\"https:\/\/www.cellmedic.pe\/\" target=\"_blank\" rel=\"noopener\"> Sitio Web <\/a><\/div>\n<\/div>\n<\/article>\n\n<article class=\"cellmedic-convenio-card cellmedic-card-clinica\">\n<div class=\"cellmedic-image-container\"><img decoding=\"async\" src=\"https:\/\/neutronfarma.com\/images\/convenio3.jpg\" alt=\"Cl\u00ednica Medical\" \/><\/div>\n<div class=\"cellmedic-card-content\">\n<h2 class=\"cellmedic-card-title\">Convenio con la Cl\u00ednica Medical<\/h2>\n<span class=\"cellmedic-card-registro\">R.A. 125 MINSA<\/span>\n<div class=\"cellmedic-card-slogan\">\u00abDevolvemos tu salud completa\u00bb<\/div>\n<p class=\"cellmedic-card-description\">Convenio con la cl\u00ednica para que su staff de m\u00e9dicos especialistas en homeopat\u00eda realice el diagn\u00f3stico y recete las f\u00f3rmulas magistrales homeop\u00e1ticas intracelulares.<\/p>\n<p class=\"cellmedic-card-description\">F\u00f3rmulas elaboradas por nuestra botica magistral y laboratorio, inventos del Doctor Demetrio Cabrera Rom\u00e1n, investigador e inventor peruano.<\/p>\n\n<div class=\"cellmedic-links-container\"><a class=\"cellmedic-link\" href=\"https:\/\/www.facebook.com\/Policlinico.medical.oficial\/\" target=\"_blank\" rel=\"noopener\"> Facebook <\/a> <a class=\"cellmedic-link\" href=\"https:\/\/www.medicalfamesa.com\/\" target=\"_blank\" rel=\"noopener\"> Sitio Web <\/a><\/div>\n<\/div>\n<\/article><\/div>\n<\/div>\t\t\t\t\t\t\t\t<\/div>\n\t\t\t\t<\/div>\n\t\t\t\t<div class=\"elementor-element elementor-element-508aaa5 elementor-widget elementor-widget-html\" data-id=\"508aaa5\" data-element_type=\"widget\" data-e-type=\"widget\" data-widget_type=\"html.default\">\n\t\t\t\t<div class=\"elementor-widget-container\">\n\t\t\t\t\t<style>\r\n        .cellmedic-convenios-wrapper {\r\n          \r\n            max-width: 1200px;\r\n            margin: 0 auto;\r\n          \r\n          \r\n        }\r\n\r\n        .cellmedic-convenios-grid {\r\n            display: grid;\r\n            grid-template-columns: repeat(auto-fit, minmax(320px, 1fr));\r\n            gap: 30px;\r\n            margin-top: 20px;\r\n        }\r\n\r\n        .cellmedic-convenio-card {\r\n            background: white;\r\n            border-radius: 16px;\r\n            overflow: hidden;\r\n            box-shadow: 0 10px 30px rgba(0, 0, 0, 0.1);\r\n            transition: all 0.4s ease;\r\n            position: relative;\r\n        }\r\n\r\n        .cellmedic-convenio-card:hover {\r\n            transform: translateY(-8px);\r\n            box-shadow: 0 15px 40px rgba(0, 0, 0, 0.15);\r\n        }\r\n\r\n        .cellmedic-convenio-card::before {\r\n            content: '';\r\n            position: absolute;\r\n            top: 0;\r\n            left: 0;\r\n            right: 0;\r\n            height: 6px;\r\n            background: linear-gradient(90deg, #00903d 0%, #ff6600 100%);\r\n        }\r\n\r\n        .cellmedic-card-ong::before {\r\n            background: #00903d;\r\n        }\r\n\r\n        .cellmedic-card-distribuidor::before {\r\n            background: #ff6600;\r\n        }\r\n\r\n        .cellmedic-card-clinica::before {\r\n            background: linear-gradient(90deg, #00903d 0%, #d1f4ff 50%, #ff6600 100%);\r\n        }\r\n\r\n        .cellmedic-image-container {\r\n            width: 100%;\r\n            height: 180px;\r\n            overflow: hidden;\r\n            background: linear-gradient(135deg, #d1f4ff 0%, #e8f8ff 100%);\r\n            display: flex;\r\n            align-items: center;\r\n            justify-content: center;\r\n            position: relative;\r\n        }\r\n\r\n        .cellmedic-image-container img {\r\n            width: 100%;\r\n            height: 100%;\r\n            object-fit: cover;\r\n            transition: transform 0.4s ease;\r\n        }\r\n\r\n        .cellmedic-convenio-card:hover .cellmedic-image-container img {\r\n            transform: scale(1.08);\r\n        }\r\n\r\n        .cellmedic-card-content {\r\n            padding: 28px 24px;\r\n        }\r\n\r\n        .cellmedic-card-title {\r\n            font-size: 1.5rem;\r\n            font-weight: 700;\r\n            margin-bottom: 12px;\r\n            color: #00903d;\r\n            line-height: 1.3;\r\n        }\r\n\r\n        .cellmedic-card-ong .cellmedic-card-title {\r\n            color: #00903d;\r\n        }\r\n\r\n        .cellmedic-card-distribuidor .cellmedic-card-title {\r\n            color: #ff6600;\r\n        }\r\n\r\n        .cellmedic-card-clinica .cellmedic-card-title {\r\n            color: #00903d;\r\n        }\r\n\r\n        .cellmedic-card-partida {\r\n            display: inline-block;\r\n            background: #d1f4ff;\r\n            color: #00903d;\r\n            padding: 6px 14px;\r\n            border-radius: 20px;\r\n            font-size: 0.85rem;\r\n            font-weight: 600;\r\n            margin-bottom: 16px;\r\n        }\r\n\r\n        .cellmedic-card-ruc {\r\n            display: inline-block;\r\n            background: #fff3e6;\r\n            color: #ff6600;\r\n            padding: 6px 14px;\r\n            border-radius: 20px;\r\n            font-size: 0.85rem;\r\n            font-weight: 600;\r\n            margin-bottom: 16px;\r\n        }\r\n\r\n        .cellmedic-card-registro {\r\n            display: inline-block;\r\n            background: #e8f5e9;\r\n            color: #00903d;\r\n            padding: 6px 14px;\r\n            border-radius: 20px;\r\n            font-size: 0.85rem;\r\n            font-weight: 600;\r\n            margin-bottom: 16px;\r\n        }\r\n\r\n        .cellmedic-card-objetivo,\r\n        .cellmedic-card-description {\r\n            color: #495057;\r\n            line-height: 1.7;\r\n            margin-bottom: 20px;\r\n            font-size: 0.95rem;\r\n        }\r\n\r\n        .cellmedic-card-objetivo strong {\r\n            color: #00903d;\r\n            font-weight: 600;\r\n        }\r\n\r\n        .cellmedic-products-list {\r\n            display: flex;\r\n            flex-wrap: wrap;\r\n            gap: 8px;\r\n            margin-bottom: 20px;\r\n        }\r\n\r\n        .cellmedic-product-tag {\r\n            background: linear-gradient(135deg, #00903d 0%, #00b849 100%);\r\n            color: white;\r\n            padding: 6px 12px;\r\n            border-radius: 6px;\r\n            font-size: 0.8rem;\r\n            font-weight: 600;\r\n            text-transform: uppercase;\r\n            letter-spacing: 0.5px;\r\n        }\r\n\r\n        .cellmedic-card-slogan {\r\n            background: linear-gradient(135deg, #d1f4ff 0%, #b8e9ff 100%);\r\n            color: #00903d;\r\n            padding: 14px;\r\n            border-radius: 10px;\r\n            font-style: italic;\r\n            font-weight: 600;\r\n            text-align: center;\r\n            margin-bottom: 16px;\r\n            font-size: 1.05rem;\r\n        }\r\n\r\n        .cellmedic-links-container {\r\n            display: flex;\r\n            flex-direction: column;\r\n            gap: 10px;\r\n            margin-top: 20px;\r\n            padding-top: 20px;\r\n            border-top: 2px solid #f0f0f0;\r\n        }\r\n\r\n        .cellmedic-link {\r\n            display: inline-flex;\r\n            align-items: center;\r\n            gap: 8px;\r\n            color: #00903d;\r\n            text-decoration: none;\r\n            font-weight: 600;\r\n            transition: all 0.3s ease;\r\n            padding: 8px 12px;\r\n            border-radius: 8px;\r\n            background: #f8f9fa;\r\n        }\r\n\r\n        .cellmedic-link:hover {\r\n            background: #d1f4ff;\r\n            transform: translateX(5px);\r\n        }\r\n\r\n        .cellmedic-link-icon {\r\n            width: 20px;\r\n            height: 20px;\r\n            fill: currentColor;\r\n        }\r\n\r\n        @media (max-width: 768px) {\r\n            .cellmedic-convenios-grid {\r\n                grid-template-columns: 1fr;\r\n            }\r\n\r\n            .cellmedic-card-title {\r\n                font-size: 1.3rem;\r\n            }\r\n        }\r\n    <\/style>\t\t\t\t<\/div>\n\t\t\t\t<\/div>\n\t\t\t\t\t<\/div>\n\t\t\t\t<\/div>\n\t\t\t\t<\/div>\n\t\t","protected":false},"excerpt":{"rendered":"<p>Convenios Convenio con la ONG Solidaria Partida: 15918797 OBJETIVO: Promover nuestras f\u00f3rmulas magistrales homeop\u00e1ticas intracelulares inventadas por el Doctor Demetrio Cabrera Rom\u00e1n. Deployer Yasut Krischman Baysser 11 marcas magistrales homeop\u00e1ticas intracelulares, nutrac\u00e9uticos con registro sanitario. Facebook Sitio Web Convenio con la Distribuidora CellMedic S.A.C. RUC: 20604226270 Distribuci\u00f3n nacional e internacional para ventas por mayor y [&hellip;]<\/p>\n","protected":false},"author":1,"featured_media":822,"parent":0,"menu_order":0,"comment_status":"closed","ping_status":"closed","template":"","meta":{"footnotes":""},"class_list":["post-1202","page","type-page","status-publish","has-post-thumbnail","hentry"],"blocksy_meta":{"page_title_panel":"","has_hero_section":"disabled","0df2dca53447789c9966a9ee2482ae8e":"","hero_section":"type-2","hero_elements":[{"id":"custom_title","enabled":true,"heading_tag":"h1","title":"Home"},{"id":"custom_description","enabled":true,"description_visibility":{"desktop":true,"tablet":true,"mobile":false}},{"id":"custom_meta","enabled":false,"meta_elements":[{"id":"author","enabled":true,"label":"By","has_author_avatar":"yes","avatar_size":25},{"id":"post_date","enabled":true,"label":"On","date_format_source":"default","date_format":"M j, Y"},{"id":"comments","enabled":true}],"page_meta_elements":{"joined":true,"articles_count":true,"comments":true}},{"id":"breadcrumbs","enabled":false}],"9a068402903147dab0312ed721d813d1":"","hero_alignment1":"left","hero_alignment2":"center","hero_vertical_alignment":"center","878df3921d36f5f7834a2f50f2d62119":"","hero_structure":"narrow","c672b96ecc952ad64c8c2d7fdf1a61dc":"","page_title_bg_type":"featured_image","custom_hero_background":{"attachment_id":null},"parallax":{"desktop":false,"tablet":false,"mobile":false},"cc7bcd5456d7cac909e888486d83b616":"","hero_height":"0px","pageTitleFont":{"family":"Default","variation":"Default","size":{"desktop":"32px","tablet":"30px","mobile":"25px"},"line-height":"CT_CSS_SKIP_RULE","letter-spacing":"CT_CSS_SKIP_RULE","text-transform":"uppercase","text-decoration":"CT_CSS_SKIP_RULE"},"pageTitleFontColor":{"default":{"color":"var(--theme-palette-color-4)"}},"pageMetaFont":{"family":"Default","variation":"n6","size":"12px","line-height":"1.3","letter-spacing":"CT_CSS_SKIP_RULE","text-transform":"uppercase","text-decoration":"CT_CSS_SKIP_RULE"},"pageMetaFontColor":{"default":{"color":"CT_CSS_SKIP_RULEDEFAULT"},"hover":{"color":"CT_CSS_SKIP_RULEDEFAULT"}},"pageExcerptFont":{"family":"Default","variation":"Default","size":"CT_CSS_SKIP_RULE","line-height":"CT_CSS_SKIP_RULE","letter-spacing":"CT_CSS_SKIP_RULE","text-transform":"CT_CSS_SKIP_RULE","text-decoration":"CT_CSS_SKIP_RULE"},"pageExcerptColor":{"default":{"color":"CT_CSS_SKIP_RULEDEFAULT"}},"breadcrumbsFont":{"family":"Default","variation":"n6","size":"12px","line-height":"CT_CSS_SKIP_RULE","letter-spacing":"CT_CSS_SKIP_RULE","text-transform":"uppercase","text-decoration":"CT_CSS_SKIP_RULE"},"breadcrumbsFontColor":{"default":{"color":"CT_CSS_SKIP_RULEDEFAULT"},"initial":{"color":"CT_CSS_SKIP_RULEDEFAULT"},"hover":{"color":"CT_CSS_SKIP_RULEDEFAULT"}},"pageTitleOverlay":{"background_type":"color","background_pattern":"type-1","background_image":{"attachment_id":null,"x":0,"y":0},"background_repeat":"no-repeat","background_size":"auto","background_attachment":"scroll","patternColor":{"default":{"color":"#e5e7ea"}},"backgroundColor":{"default":{"color":"rgba(42, 52, 61, 0)"}}},"pageTitleBackground":{"background_type":"color","background_pattern":"type-1","background_image":{"attachment_id":null,"x":0,"y":0},"background_repeat":"no-repeat","background_size":"auto","background_attachment":"scroll","patternColor":{"default":{"color":"#e5e7ea"}},"backgroundColor":{"default":{"color":"#EDEFF2"}}},"5384544efa2613b7222fa667fe0c3bd5":"","page_structure_type":"type-4","content_style":"inherit","vertical_spacing_source":"custom","content_area_spacing":"none","background":{"background_type":"color","background_pattern":"type-1","background_image":{"attachment_id":null,"x":0,"y":0},"background_repeat":"no-repeat","background_size":"auto","background_attachment":"scroll","patternColor":{"default":{"color":"#e5e7ea"}},"backgroundColor":{"default":{"color":"CT_CSS_SKIP_RULE"}}},"content_background":{"background_type":"color","background_pattern":"type-1","background_image":{"attachment_id":null,"x":0,"y":0},"background_repeat":"no-repeat","background_size":"auto","background_attachment":"scroll","patternColor":{"default":{"color":"#e5e7ea"}},"backgroundColor":{"default":{"color":"#ffffff"}}},"content_boxed_spacing":{"desktop":"40px","tablet":"35px","mobile":"20px"},"content_boxed_radius":{"top":"3px","bottom":"3px","left":"3px","right":"3px","linked":true},"content_boxed_shadow":{"blur":18,"spread":-6,"v_offset":12,"h_offset":0,"inset":false,"enable":true,"color":{"color":"rgba(34, 56, 101, 0.04)"}},"7b360c47770bb2bc7820037d1b7ccdae":"","disable_featured_image":"no","disable_header":"no","disable_footer":"no","styles_descriptor":{"styles":{"desktop":"[data-prefix=\"single_page\"] [class*=\"ct-container\"] > article[class*=\"post\"] {--has-boxed:inherit;--has-wide:inherit;}","tablet":"","mobile":""},"google_fonts":[],"version":6},"content_style_source":"custom"},"_links":{"self":[{"href":"https:\/\/rednetsystem.com\/neutronfarma\/wp-json\/wp\/v2\/pages\/1202","targetHints":{"allow":["GET"]}}],"collection":[{"href":"https:\/\/rednetsystem.com\/neutronfarma\/wp-json\/wp\/v2\/pages"}],"about":[{"href":"https:\/\/rednetsystem.com\/neutronfarma\/wp-json\/wp\/v2\/types\/page"}],"author":[{"embeddable":true,"href":"https:\/\/rednetsystem.com\/neutronfarma\/wp-json\/wp\/v2\/users\/1"}],"replies":[{"embeddable":true,"href":"https:\/\/rednetsystem.com\/neutronfarma\/wp-json\/wp\/v2\/comments?post=1202"}],"version-history":[{"count":29,"href":"https:\/\/rednetsystem.com\/neutronfarma\/wp-json\/wp\/v2\/pages\/1202\/revisions"}],"predecessor-version":[{"id":1435,"href":"https:\/\/rednetsystem.com\/neutronfarma\/wp-json\/wp\/v2\/pages\/1202\/revisions\/1435"}],"wp:featuredmedia":[{"embeddable":true,"href":"https:\/\/rednetsystem.com\/neutronfarma\/wp-json\/wp\/v2\/media\/822"}],"wp:attachment":[{"href":"https:\/\/rednetsystem.com\/neutronfarma\/wp-json\/wp\/v2\/media?parent=1202"}],"curies":[{"name":"wp","href":"https:\/\/api.w.org\/{rel}","templated":true}]}}